on divisor of q and s?
7
Let l(k) = -k**2 + 19*k - 40. Let b be l(16). Calculate the highest common divisor of 136 and b.
8
Suppose 3*d + d - 8 = 0. Let m be (d - (1 + -1)) + 34. Let z be (-59)/(-7) - (-68)/119. Calculate the highest common divisor of z and m.
9
Let r be ((-90)/20)/(3/(-8)). Let x be (35/10)/(2/r). Suppose -a + x = 3*v - 9, 3*v = -4*a + 75. What is the greatest common factor of a and 15?
15
Let a(p) be the first derivative of 8*p + 1/3*p**3 + 1/2*p**2 - 3. Let z be a(8). What is the highest common factor of 16 and z?
16
Suppose -p - 5 + 11 = 0. Calculate the greatest common factor of 66 and p.
6
Let c = -71 - -125. Let r be (c/(-8))/((-3)/8). Let h be (-24)/20*(30/18)/(-1). What is the greatest common factor of r and h?
2
Let t = 20 + 8. Let l be 9/7 + (-8)/t. What is the greatest common divisor of l and 1?
1
Suppose -6*g + 23 + 31 = 0. What is the greatest common factor of g and 27?
9
Let a = -191 - -400. Calculate the highest common divisor of a and 19.
19
Suppose 10 + 2 = 4*a + 2*i, -a + i = -6. What is the greatest common factor of a and 16?
4
Suppose 14 + 10 = 2*w. Suppose 49 + 26 = 5*q. Suppose 0*m - 3*h = -m + q, m - 4*h - 18 = 0. What is the greatest common factor of m and w?
6
Let w be 5 + 0 - 4 - -7. What is the greatest common factor of 24 and w?
8
Suppose -15 = -l - 12. What is the greatest common divisor of 27 and l?
3
Let y be 4/12*3 - -1. Suppose 53 - y = 3*g. Suppose -2*s + 425 = 3*s. Calculate the highest common factor of s and g.
17
Suppose 0 = -g + 4*g + 489. Suppose 2*h - 114 = 362. Let z = h + g. Calculate the highest common factor of 15 and z.
15
Let r be -2 + 9/((-36)/(-16)). Calculate the greatest common divisor of 8 and r.
2
Let q(j) = -j + 3. Let u(y) = y**2 + 8*y + 1. Let w be u(-6). Let l be q(w). Calculate the highest common divisor of l and 56.
14
Let a be (-92)/(-161) - (0 - 762/14). Calculate the greatest common divisor of 33 and a.
11
Suppose 2 = -4*w + 3*b + 7, -w + 20 = 3*b. Suppose 49 = 5*u + w*x - 46, -u + 2*x = -7. Calculate the highest common divisor of 75 and u.
15
Suppose 2*w + 3*n - 110 = -n, -5*w + 281 = 4*n. Let b be 4/(4/(-3)) + w. Calculate the highest common divisor of 36 and b.
18
Suppose 41 = 5*v + 11. Let s(y) = -v*y + 2*y**2 + 0*y - 1 + 4*y. Let x be s(2). What is the greatest common factor of 15 and x?
3
Suppose 0 = -7*z - 37 + 191. Let c(q) = -175*q + 1. Let a be c(-1). What is the greatest common divisor of z and a?
22
Let r be -2 + -1 - (-6 - -6). Let s(j) = 3*j**2 + 3*j + 3. Let w be s(r). Calculate the highest common factor of w and 63.
21
Suppose -5*o = -2*o - 6. Suppose 0 = -2*d - d + o*w - 16, -3*w = 3. Let b be (-4)/d*(5 - -31). What is the greatest common factor of 6 and b?
6
Let a = 211 + -85. Calculate the highest common divisor of a and 18.
18
Let v be 15/(-12)*12/(-3). Suppose -2*f = -o - 13 - 10, -30 = -v*f - 3*o. Calculate the highest common divisor of 45 and f.
9
Let n(j) = -25*j - 16. Let m be n(-4). What is the highest common factor of 24 and m?
12
Suppose 8 = -29*a + 30*a. Let j be 14/8*(-128)/(-4). Calculate the highest common divisor of a and j.
8
Let r(m) = m - 1. Let v(t) = -33*t + 21. Let c(z) = -42*r(z) - 2*v(z). Let s = 10 - 8. Let k be c(s). Calculate the greatest common divisor of 16 and k.
16
Let z = 374 - 330. Let o = 15 + 51. What is the greatest common factor of o and z?
22
Let b be 35 + (2 - 1) + 0. Let d = b - 12. Suppose -4*k + 8 = -16. Calculate the greatest common divisor of k and d.
6
Suppose 0 = -3*a - 2 + 8. Suppose -2*b + 8 = -4*w - 0*w, 4*b = 2*w - a. Let u be (-9)/(w*1/8). Calculate the highest common factor of u and 6.
6
Suppose -8 = -3*c + 10. Suppose 2*s - 4*s + 103 = d, -4*s = 3*d - 201. What is the highest common factor of c and s?
6
Let x be -6 + 1 + 12/(-4). Let q = x - -7. Let c be (-30)/(-9) + q/3. What is the greatest common divisor of c and 1?
1
Suppose v + 38 = 4*o - v, -o + 5*v + 5 = 0. Let t(r) = r - 5. Let i be t(7). Calculate the highest common factor of o and i.
2
Suppose 0 = -2*n - 2 + 12. Let j = 4 + -9. Let z be (n/j)/((-1)/6). What is the highest common divisor of z and 24?
6
Suppose -a + o = 136, 5*a = 4*o - 7*o - 664. Let p = -43 - a. What is the highest common factor of p and 13?
13
Suppose -5*u + 1 - 11 = 0. Let v be (-368)/(-14) + u/7. Let h = -10 + 23. What is the greatest common factor of h and v?
13
Suppose 91 = 2*v - 9. Calculate the greatest common factor of 10 and v.
10
Let k(f) = f**3 + 7*f**2 + 6*f + 5. Let r be k(-6). Suppose r*i + 0 = 10. Let n be 3*6/i - -1. Calculate the greatest common factor of n and 110.
10
Let g be 1/(0 + (-5)/(-95)). What is the highest common divisor of g and 38?
19
Let g(q) = 2*q - 3. Let v be g(3). Suppose -1 = -v*t + 11. What is the highest common factor of 20 and t?
4
Let s(w) = w + 18. Let x be s(-8). Let n be 1*(-3)/(-6)*x. Suppose -b + n*m = -29, 5*m + 12 = m. What is the greatest common factor of 98 and b?
14
Let y = 35 + 5. Let r = 5 + 0. What is the highest common divisor of r and y?
5
Suppose -4*t = -2*t - 6. What is the highest common divisor of t and 12?
3
Let y = -8 - -14. Suppose -w = 3*w - 3*h - 11, -4*w + y = 2*h. Suppose -k = -0*k - 14. What is the greatest common divisor of w and k?
2
Let q(i) = -5*i + 8. Let r be q(1). Let d = 2 + -2. Let t be 3/(d - 2/(-18)). What is the highest common divisor of t and r?
3
Let h = -30 - -51. Calculate the highest common divisor of 21 and h.
21
Let a be 5/(-2)*(-2 - 0). Let w be (-2)/(-10) - (-199)/a. Suppose -3*u - 16 = -4*u. Calculate the highest common factor of w and u.
8
Let w(h) = -h**3 - 4*h**2 + 2*h - 7. Let x be w(-5). Suppose -2*t - 6 = t. Let f be ((-20)/2)/(t/x). Calculate the greatest common factor of 8 and f.
8
Let c(k) = k + 9. Let o = -3 + -6. Let a be c(o). Suppose a = v - 0*v - 10. Calculate the highest common factor of 20 and v.
10
Let b(y) = 8*y + 1. Let k be b(2). Suppose -935 = -8*q + 3*q. What is the greatest common factor of q and k?
17
Let f = -62 - -101. What is the highest common factor of 26 and f?
13
Let a(u) = 7*u**2 + 15*u - 1. Let r(h) = -11*h**2 - 23*h + 1. Let d(i) = 8*a(i) + 5*r(i). Let y be d(7). What is the greatest common factor of y and 9?
9
Let t = -37 + 38. Suppose 12 = 5*o + 2. What is the greatest common divisor of t and o?
1
Let r = 296 - 96. What is the greatest common factor of 25 and r?
25
Let m = 72 + -68. Calculate the greatest common divisor of 26 and m.
2
Suppose -l + 4*l = 9. Suppose -76 = -6*q + l*q + 4*r, -5*q = 5*r - 150. What is the greatest common divisor of q and 70?
14
Suppose 0 = -0*n + 4*n - 492. Suppose n = 5*l + 18. What is the highest common factor of 14 and l?
7
Let b(c) = -34*c - 2. Let m be b(-2). Let k = 1 + 5. Calculate the greatest common factor of m and k.
6
Let p = 61 - 26. Suppose 6*d - d = p. Calculate the highest common divisor of 49 and d.
7
Let u = -99 + 143. Calculate the greatest common factor of u and 110.
22
Let c(g) = -6*g - 6 + 3*g - 3*g - 3*g. Let s be c(-4). What is the greatest common factor of s and 15?
15
Let z = 15 - 3. Let x be (3/(-1))/6*-10. Suppose 0 = x*n + 83 - 743. What is the greatest common factor of z and n?
12
Let g = 179 - 23. What is the greatest common divisor of 12 and g?
12
Let t be 2 + (0 - (-1836)/2). Let d = t - 614. Suppose 2*y - d = -y. Calculate the greatest common divisor of 17 and y.
17
Suppose 0 = -q - 2*q. Suppose 5*r - 47 - 3 = q. What is the highest common divisor of r and 2?
2
Let h = 2 + 32. Suppose -153 = 21*j - 24*j. What is the highest common divisor of j and h?
17
Let y(a) = 8*a. Let i be y(6). Let p = -27 + 51. Calculate the highest common divisor of p and i.
24
Let g(t) = -t**2 + 6*t - 3. Let j be g(4). Suppose -c + 4*c - 15 = 0, 30 = 5*h + j*c. Let m = 1 + h. What is the highest common divisor of 8 and m?
2
Suppose 2*j - 46 = -0*j. Suppose -4*i = -r + 41, 0*r + r + 5*i = j. Suppose 4*l - 3*s - r = 3*l, 5*s = l - 23. Calculate the highest common factor of 6 and l.
6
Suppose -16*f + 191 = -209. What is the highest common factor of f and 5?
5
Suppose -2 = -v - 3*u - 0, -3*v = 5*u - 10. Suppose 2*d - 4 = -4*g, 4*g = v*d + 2*g - 10. What is the highest common factor of 1 and d?
1
Let q be 9 + 2*(-3)/2. What is the highest common divisor of q and 8?
2
Let k be 1*(-36)/(-3 + 2). Let r = k + -14. W